 = 2*a - 5. Suppose d + 12 - 16 = 0. Give z(d).
3
Let v(u) = -u**2 - 3*u. Let x(j) = j**2 + 3*j - 1. Let n(i) = 2*v(i) + 3*x(i). Calculate n(2).
7
Let b(h) = -h**2 + 5*h + 5. Let g be b(5). Let i(o) = 6 - 2*o + 3 - 2. What is i(g)?
-3
Suppose 2*d + 2*d - 48 = 0. Let g be ((1 - -1) + -7)*-1. Suppose -a = -3*c + 8, c + d = g*a - a. Let z(y) = 3*y - 5. Give z(a).
7
Let j(z) be the first derivative of z**2/2 + 1. Let u(n) = 1. Let d(s) = j(s) - 2*u(s). Give d(5).
3
Let x(t) = 2*t**2 + 3*t - 3. Let l(b) = b**2. Let o(p) = -l(p) + x(p). Determine o(-3).
-3
Let j(h) = 5*h**3 - 2*h**2 - h - 6. Let f(y) = y**3 + y**2 + y - 1. Let i(r) = -6*f(r) + j(r). Give i(-7).
0
Let u(i) = 5*i**2 + i + 1. Suppose -2*g + 6*g = -28. Let x = -8 - g. What is u(x)?
5
Let o(p) = 0 + 6*p + 5 - 7*p - 4. Let c be o(-1). Let x(k) = -2*k - 2*k + 7*k - 2*k + c. What is x(4)?
6
Suppose a + 2 = -r, r + 4*r - 6 = 3*a. Let l(u) = 0 - u + 1 + r. Give l(-5).
6
Let c(g) be the second derivative of -g**6/120 - g**5/20 - 2*g**3/3 + 3*g**2/2 + 2*g. Let j(d) be the first derivative of c(d). Determine j(-3).
-4
Let b(r) be the second derivative of -r**8/6720 + r**7/504 - r**6/240 - r**5/120 - 7*r**4/12 - 7*r. Let p(g) be the third derivative of b(g). What is p(5)?
-16
Let m(l) be the third derivative of -l**6/720 + l**5/20 + l**4/8 - 3*l**2. Let a(y) be the second derivative of m(y). Calculate a(0).
6
Let j be (-2)/10*(-50)/4. Let v(w) be the first derivative of -j*w**2 - 1/3*w**3 + 2 - 2*w. What is v(-3)?
4
Let y(a) = 17*a + 4. Let i(p) be the second derivative of 2*p**3/3 + p**2/2 + 5*p. Let d(h) = -9*i(h) + 2*y(h). Give d(3).
-7
Let m be (-6 + 18)*(-1)/(-3). Suppose 0 = b - 5*u - 4, m*b - 2*u - 21 - 13 = 0. Let q = b - 15. Let g(c) = -c**3 - 6*c**2 - c - 1. Give g(q).
5
Let o(w) = w**2 + w + 1. Let x = -10 - -10. Suppose -18 = -x*d - 2*d. Let y be (6/d)/(2/(-3)). Determine o(y).
1
Let z(k) = -k**3 - 7*k**2 - 6*k - 2. Let t be z(-6). Let w(u) = u**3 + 3*u**2 - u - 2. Give w(t).
4
Let b(c) = -20*c - 29. Suppose 0 = -h - 4*h + 85. Let v(w) = 7*w + 10. Let i(a) = h*v(a) + 6*b(a). What is i(-6)?
2
Let l(r) = -r**2 - 5*r + 6. Let b be l(-6). Let f be (-6)/((-10)/(-8) + -2). Suppose -2*q + u + 0 + f = b, 2*q - 3*u = 8. Let z(j) = j + 1. Give z(q).
5
Let p(g) = -g**2 - 6*g + 7. Let a(v) = -v - 13. Let n be a(-6). Let q be p(n). Let y = 0 + q. Let z(u) = u**3 + u**2 + u - 7. Give z(y).
-7
Let m = -13 - -5. Let q = m + 2. Let i(l) = -3*l - 9. Calculate i(q).
9
Let q(b) = b**3 + 6*b**2 - 8*b - 4. Let i be q(-7). Suppose 0 = 3*a - i - 9. Let n(o) = -5 + 0 + 2*o - 1. What is n(a)?
2
Let v be -3 + 0 - (-1)/(-1). Let s(w) = -w**3 - 5*w**2 - 2*w. Give s(v).
-8
Let o(x) = -x**2 - 7*x - 8. Let d = -16 + 20. Suppose -1 = k + 5*f, 0*k - d*k + 5*f - 29 = 0. Give o(k).
-2
Let j(m) = -2*m + 7. Let y = -11 + 15. Suppose -y*x + 6 = -14. What is j(x)?
-3
Let b(c) = 2*c**3 - 4*c**2 - 6*c - 1. Let k(h) = h**3 + h**2 - 1. Let n(u) = b(u) - k(u). Give n(6).
0
Let m(v) be the first derivative of 2*v**3/3 - 5*v**2/2 + 4*v - 3. Suppose -5*i + 4 + 11 = 0. Calculate m(i).
7
Let f = -5 + 8. Let s(l) = -f + l**3 + 3*l**2 - 8*l + 0*l + 2*l. Suppose -4*o - 8 - 8 = 0. Determine s(o).
5
Let n(c) = -46*c**2 - 44*c**2 + 85*c**2 + c**3 - 1 + 5*c. Let k(q) = -q - 3. Let l be k(-7). Give n(l).
3
Let f(v) be the first derivative of -7*v**4/2 - 4. Calculate f(1).
-14
Let p = -62 - -72. Let q(z) = z**2 - 12*z + 14. What is q(p)?
-6
Let o(f) be the second derivative of -2*f**2 - 2*f + 0 + 1/12*f**4 + 1/2*f**3. Let q = 1 - 6. What is o(q)?
6
Suppose 3*p - 8 = -0*b + 4*b, -4*p - 2 = b. Let n = 3 + b. Let h(g) be the third derivative of g**5/60 + g**4/24 - g**2. What is h(n)?
2
Let v(r) = r**2 - 7*r + 4. Let b(n) = n + 5. Let y(d) = d + 1. Let f(z) = -b(z) + 4*y(z). Let x(w) = -w + 4. Let t be x(2). Let h be f(t). What is v(h)?
-6
Let o(w) = -1. Let d(l) = l - 3. Let y(q) = -2*d(q) + 5*o(q). Let c be (1 - 4) + 2 + 0. Let m = 1 - c. Determine y(m).
-3
Let c(v) = -8*v + 2. Suppose 6*i = 40 - 10. Suppose 2 = 6*h - i*h. Calculate c(h).
-14
Suppose -3*y = 2 - 14. Let f(l) = -l**3 + 3*l**2 + 3*l - 2. Calculate f(y).
-6
Let f(x) = x**2 + x**3 - 2*x**2 - x**3 - 1 - x**3 + 2*x. Give f(-2).
-1
Let p(b) = -2*b**2 + 3*b + 2. Suppose a - 3*n + 3 = 0, 0 = 4*n + n - 10. Give p(a).
-7
Let q(f) be the third derivative of f**6/120 - f**5/15 - f**4/8 - f**3/6 - 9*f**2. Calculate q(-2).
-19
Suppose -3*b + 4*t + 2 - 8 = 0, -3*b = 2*t + 24. Let n(m) be the second derivative of -m**5/20 - 7*m**4/12 - 5*m**3/6 + 4*m. Give n(b).
-6
Let h(v) be the first derivative of v**4/2 - 2*v**3/3 - v**2 + v - 5. What is h(2)?
5
Let d(p) be the third derivative of p**4/24 - p**3/6 + 2*p**2. Suppose -7*x = -3*x - 4*s + 4, 4*s + 8 = 0. Calculate d(x).
-4
Let q(d) = 7 - 2*d - 2*d + 2*d. Suppose -s = -3*f + 15, -15*f - 3*s - 5 = -16*f. Calculate q(f).
-3
Suppose a + 1 = -d - 0, -14 = 4*a - d. Let k(c) = -2*c - 3. Calculate k(a).
3
Let w = -5 + 10. Let p be -3*(-1)/(6/8). Let k(o) = 2*o + 1. Let j(t) = -5*t - 1. Let c(f) = p*j(f) + 9*k(f). Determine c(w).
-5
Let c(j) be the third derivative of -j**6/120 + j**5/60 + j**4/24 - j**3/6 + 4*j**2. Suppose 0 = h - 0*h. What is c(h)?
-1
Let o(w) = -w. Let t = -7 - -4. Let z be (40/6)/2*t. Let u = z - -6. Determine o(u).
4
Let b(x) = x - 3. Let g(q) = -q**3 + 3*q**2 + 4*q + 1. Let m be g(4). Let n(r) = -1 - 5 - m + 2*r. Let c(a) = 9*b(a) - 4*n(a). Give c(-2).
-1
Let o(y) be the second derivative of -y**6/120 + y**5/60 + y**4/24 - 5*y**3/6 - 3*y. Let t(m) be the second derivative of o(m). Calculate t(-1).
-4
Let a(z) = 7*z**3 + 15*z**2 - 7*z + 5. Let p(d) = -d**3 - d**2 + d - 1. Let v(b) = -a(b) - 6*p(b). Determine v(-9).
-8
Let c(y) = -y**3 - 4*y**2 - 2. Let t = 6 - 14. Let x(k) = k**2 + 8*k - 4. Let q be x(t). Calculate c(q).
-2
Let h(y) be the second derivative of -y**5/20 + 5*y**4/12 + y**3/6 - 7*y**2/2 - 4*y. Let n(w) = w**2 + 9*w - 5. Let s be n(-10). Calculate h(s).
-2
Let t(v) be the second derivative of -v**3/6 - 3*v**2 - 25*v. Determine t(-6).
0
Let u = -20 - -22. Let s(r) = -r + 1. Give s(u).
-1
Let w(p) = -p**2 + p. Let l be w(-1). Let c(m) = -m**2 - 1. Determine c(l).
-5
Let v(q) = -q + q**3 - 9 + q - q**2 + 6. Calculate v(0).
-3
Let i(o) = -4*o - 3. Suppose -x + 2*x - 2 = 0, v + 2*x - 1 = 0. Determine i(v).
9
Let q(y) = -3*y**3 + 13*y + 2*y**3 - y**2 - 12*y. Determine q(0).
0
Let b be (4/2)/(2/(-4)). Let g(f) = f**2 + f. Let h(x) be the second derivative of 5*x**4/12 + x**3 + 2*x. Let r(n) = -4*g(n) + h(n). What is r(b)?
8
Let t(w) be the second derivative of -w**5/40 - w**4/8 + w**3/2 - w. Let n(q) be the second derivative of t(q). What is n(-3)?
6
Let y(p) = 2*p - 1. Suppose 4*h - 2 - 6 = 0. Calculate y(h).
3
Let y(c) = -c - 4. Let h(l) = -3. Let p = -1 - 1. Let i(j) = p*y(j) + 3*h(j). Suppose -3*a = -2*r - 3*r - 10, -2*r + 17 = 3*a. Determine i(a).
9
Let z(l) = -l**3 + 2*l**2 + 2*l - 2. Suppose m = -2*m - 9. Let s be m/(-3 - -1 - -1). What is z(s)?
-5
Let q(y) = y. Let l(j) = -j**2 + 6*j + 6. Let s be l(7). Let u(h) = h**2 + 5*h - 1. Let z(i) = s*q(i) + u(i). Calculate z(-5).
4
Let b(x) = -2 - 5*x + 3 + 0*x + x**2. Let q(s) = s**3 - 8*s**2 - 8*s - 4. Let u(h) = 3*h - 9. Let l be u(6). Let f be q(l). Calculate b(f).
1
Let y(t) = t**2 - t - 1. Let o(c) = c**3 - 6*c**2 + 7*c + 2. Let f(n) = o(n) + 5*y(n). Determine f(2).
5
Let q(j) = j. Let g be q(0). Let x(u) = g - 2 + 4*u - 3*u + 6. Determine x(-3).
1
Let p(g) = -g**2 + 5*g + 4. Let j be p(5). Let i(a) = 3 + j + 2*a - 8 - a**2. Suppose 4*y + 1 = 5. Determine i(y).
0
Let a be 14/3 + 5/15. Suppose -a*r + 3 = -2. Let p be (-9)/12 - r/4. Let v(g) = -8*g**2 - g - 1. Give v(p).
-8
Let z be (-2)/(-1) - (-22)/11. Suppose -z*r = -4*n - 24, -5*n + 5*r - 28 = -2*n. Let m(l) = 10*l**3 + 2*l**2 + 2*l + 1. Determine m(n).
-9
Suppose -3*c = -3, 0 = b - 7*c + 4*c. Suppose -5*q - 2*n - 10 = 0, -q - b*n + 6*n + 15 = 0. Let i(d) = d**2 - d - 8. Determine i(q).
-8
Suppose 26 - 1 = 5*z. Suppose m - n = 9, 0 = -z*n - 20. Let f(t) = t**3 - 4*t**2 - 6*t - 1. Calculate f(m).
-6
Let w(u) = u + 20. Let t be (-650)/40 + 2/8. Let f be w(t). Let b(i) = 2*i. Calculate b(f).
8
Let v = 52 + -32. Suppose 4*x - 4 = -v. Let q(o) = -o**2 + 2. What is q(x)?
-14
Suppose -5*y = -y - 4. Let m(t) = -t**2 - 1. 